is the remainder when 1052 is divided by 117?
116
What is the remainder when 52 is divided by 5?
2
Calculate the remainder when 643 is divided by 46.
45
What is the remainder when 172 is divided by 54?
10
Calculate the remainder when 1259 is divided by 105.
104
What is the remainder when 237 is divided by 60?
57
Calculate the remainder when 1199 is divided by 21.
2
Calculate the remainder when 226 is divided by 39.
31
Calculate the remainder when 99 is divided by 34.
31
Calculate the remainder when 501 is divided by 18.
15
Calculate the remainder when 10 is divided by 6.
4
Calculate the remainder when 308 is divided by 69.
32
Calculate the remainder when 230 is divided by 50.
30
Calculate the remainder when 20407 is divided by 157.
154
What is the remainder when 165 is divided by 60?
45
What is the remainder when 616 is divided by 151?
12
What is the remainder when 59 is divided by 6?
5
Calculate the remainder when 311 is divided by 72.
23
Calculate the remainder when 1970 is divided by 22.
12
Calculate the remainder when 2617 is divided by 87.
7
What is the remainder when 118 is divided by 20?
18
Calculate the remainder when 782 is divided by 87.
86
Calculate the remainder when 8931 is divided by 19.
1
Calculate the remainder when 206 is divided by 72.
62
What is the remainder when 313 is divided by 64?
57
Calculate the remainder when 59 is divided by 25.
9
What is the remainder when 146 is divided by 21?
20
Calculate the remainder when 13085 is divided by 8.
5
Calculate the remainder when 2623 is divided by 75.
73
What is the remainder when 220 is divided by 178?
42
Calculate the remainder when 35 is divided by 11.
2
What is the remainder when 5519 is divided by 92?
91
What is the remainder when 998 is divided by 248?
6
What is the remainder when 107 is divided by 65?
42
What is the remainder when 388 is divided by 48?
4
Calculate the remainder when 86 is divided by 26.
8
What is the remainder when 4830 is divided by 155?
25
Calculate the remainder when 18883 is divided by 15.
13
What is the remainder when 1167 is divided by 129?
6
Calculate the remainder when 381 is divided by 43.
37
What is the remainder when 12 is divided by 5?
2
What is the remainder when 1013 is divided by 132?
89
What is the remainder when 704 is divided by 83?
40
What is the remainder when 1232 is divided by 80?
32
Calculate the remainder when 131 is divided by 6.
5
What is the remainder when 1104 is divided by 395?
314
What is the remainder when 1050 is divided by 55?
5
What is the remainder when 14578 is divided by 135?
133
What is the remainder when 574 is divided by 189?
7
Calculate the remainder when 51 is divided by 9.
6
What is the remainder when 1621 is divided by 28?
25
Calculate the remainder when 88 is divided by 2.
0
What is the remainder when 371 is divided by 64?
51
Calculate the remainder when 1427 is divided by 28.
27
Calculate the remainder when 260 is divided by 132.
128
What is the remainder when 97 is divided by 33?
31
What is the remainder when 1078 is divided by 40?
38
What is the remainder when 26594 is divided by 61?
59
Calculate the remainder when 316 is divided by 29.
26
What is the remainder when 6579 is divided by 37?
30
What is the remainder when 20 is divided by 13?
7
Calculate the remainder when 100 is divided by 89.
11
What is the remainder when 196 is divided by 52?
40
What is the remainder when 145 is divided by 12?
1
What is the remainder when 6103 is divided by 14?
13
What is the remainder when 366 is divided by 184?
182
Calculate the remainder when 3759 is divided by 468.
15
What is the remainder when 2915 is divided by 966?
17
Calculate the remainder when 166 is divided by 68.
30
What is the remainder when 164 is divided by 150?
14
What is the remainder when 354 is divided by 160?
34
Calculate the remainder when 4961 is divided by 15.
11
What is the remainder when 318 is divided by 65?
58
What is the remainder when 1512 is divided by 501?
9
What is the remainder when 2833 is divided by 63?
61
What is the remainder when 163 is divided by 5?
3
What is the remainder when 773 is divided by 21?
17
What is the remainder when 58 is divided by 12?
10
What is the remainder when 1175 is divided by 28?
27
Calculate the remainder when 137 is divided by 13.
7
Calculate the remainder when 339 is divided by 11.
9
What is the remainder when 324 is divided by 107?
3
What is the remainder when 177 is divided by 15?
12
What is the remainder when 571 is divided by 22?
21
Calculate the remainder when 337 is divided by 57.
52
Calculate the remainder when 702 is divided by 348.
6
Calculate the remainder when 1949 is divided by 32.
29
What is the remainder when 71 is divided by 9?
8
Calculate the remainder when 372 is divided by 11.
9
Calculate the remainder when 153 is divided by 71.
11
Calculate the remainder when 513 is divided by 4.
1
Calculate the remainder when 105 is divided by 26.
1
Calculate the remainder when 964 is divided by 121.
117
What is the remainder when 12 is divided by 6?
0
Calculate the remainder when 2243 is divided by 51.
50
Calculate the remainder when 782 is divided by 158.
150
What is the remainder when 110 is divided by 39?
32
What is the remainder when 360 is divided by 100?
60
Calculate the remainder when 314 is divided by 46.
38
Calculate the remainder when 5284 is divided by 6.
4
What is the remainder when 94 is divided by 16?
14
What is the remainder when 622 is divided by 12?
10
Calculate the remainder when 66 is divided by 3.
0
Calculate the remainder when 3872 is divided by 125.
122
What is the remainder when 296 is divided by 71?
12
What is the remainder when 228 is divided by 100?
28
Calculate the remainder when 52 is divided by 13.
0
Calculate the remainder when 67 is divided by 15.
7
What is the remainder when 200 is divided by 8?
0
Calculate the remainder when 47 is divided by 17.
13
What is the remainder when 29 is divided by 10?
9
What is the remainder when 2875 is divided by 74?
63
What is the remainder when 234 is divided by 14?
10
What is the remainder when 4397 is divided by 53?
51
Calculate the remainder when 129 is divided by 17.
10
What is the remainder when 269 is divided by 39?
35
Calculate the remainder when 1315 is divided by 149.
123
Calculate the remainder when 238 is divided by 15.
13
What is the remainder when 308 is divided by 36?
20
Calculate the remainder when 166 is divided by 19.
14
What is the remainder when 337 is divided by 178?
159
What is the remainder when 161 is divided by 18?
17
What is the remainder when 7952 is divided by 78?
74
What is the remainder when 1801 is divided by 594?
19
What is the remainder when 878 is divided by 20?
18
Calculate the remainder when 12388 is divided by 210.
208
Calculate the remainder when 380 is divided by 377.
3
Calculate the remainder when 681 is divided by 38.
35
Calculate the remainder when 224 is divided by 15.
14
What is the remainder when 153 is divided by 26?
23
Calculate the remainder when 66 is divided by 3.
0
Calculate the remainder when 52 is divided by 16.
4
Calculate the remainder when 1387 is divided by 276.
7
Calculate the remainder when 199 is divided by 59.
22
Calculate the remainder when 169 is divided by 22.
15
What is the remainder when 2029 is divided by 185?
179
Calculate the remainder when 597 is divided by 56.
37
Calculate the remainder when 461 is divided by 11.
10
What is the remainder when 2260 is divided by 78?
76
Calculate the remainder when 338 is divided by 17.
15
What is the remainder when 88 is divided by 7?
4
Calculate the remainder when 140 is divided by 74.
66
Calculate the remainder when 53 is divided by 38.
15
What is the remainder when 21 is divided by 5?
1
What is the remainder when 95 is divided by 32?
31
What is the remainder when 33 is divided by 9?
6
Calculate the remainder when 349 is divided by 13.
11
Calculate the remainder when 1065 is divided by 56.
1
Calculate the remainder when 4328 is divided by 117.
116
Calculate the remainder when 1339 is divided by 10.
9
Calculate the remainder when 204 is divided by 76.
52
What is the remainder when 5699 is divided by 60?
59
What is the remainder when 4143 is divided by 517?
7
What is the remainder when 884 is divided by 18?
2
What is the remainder when 21980 